60 and 29219520?
960
Calculate the greatest common factor of 5263 and 264539432.
5263
What is the greatest common factor of 17434672 and 318784?
4688
Calculate the greatest common factor of 98553 and 15218.
7
Calculate the greatest common divisor of 581387 and 3820284.
907
Calculate the greatest common factor of 2385 and 4560135.
15
What is the highest common divisor of 468 and 26162916?
156
What is the highest common divisor of 720565 and 9285?
5
Calculate the highest common divisor of 752 and 73182008.
376
What is the highest common divisor of 5064 and 1591941828?
2532
Calculate the highest common factor of 371290 and 16.
2
Calculate the greatest common divisor of 2556 and 44138712.
852
Calculate the greatest common factor of 88 and 2271208.
8
Calculate the greatest common factor of 30 and 391895060.
10
What is the greatest common divisor of 931 and 3374837?
19
Calculate the greatest common divisor of 63846865 and 213165.
7895
Calculate the highest common factor of 24585 and 4494585.
2235
Calculate the highest common factor of 75130433 and 7.
7
What is the highest common factor of 1050 and 126406?
14
Calculate the highest common factor of 43818 and 1146102.
402
What is the highest common divisor of 2093770 and 20090?
490
Calculate the greatest common divisor of 196082003 and 6227.
6227
What is the greatest common factor of 1018716 and 251436?
276
What is the highest common divisor of 3198 and 21375172?
26
Calculate the highest common factor of 362832 and 250176.
48
Calculate the greatest common factor of 21298393 and 1436.
359
Calculate the greatest common divisor of 148 and 12022336.
148
What is the greatest common factor of 24 and 1897160?
8
What is the highest common divisor of 183305 and 351665?
305
Calculate the highest common divisor of 377 and 235074.
29
Calculate the greatest common divisor of 14251725 and 100.
25
What is the highest common divisor of 18 and 75544?
2
Calculate the highest common divisor of 1248667 and 12250.
49
What is the greatest common divisor of 350073 and 31152888?
3609
Calculate the highest common divisor of 42460 and 9108.
44
Calculate the greatest common factor of 52353 and 115781568.
5817
What is the highest common factor of 45 and 36292470?
15
Calculate the greatest common factor of 3640365 and 585.
45
What is the highest common factor of 4529 and 28727447?
4529
Calculate the greatest common divisor of 6509282 and 52.
26
What is the highest common divisor of 7736244 and 852?
12
What is the greatest common factor of 42690 and 5430?
30
Calculate the highest common divisor of 128980120 and 80.
40
What is the highest common divisor of 8907084 and 222?
222
What is the highest common factor of 307162 and 5123?
109
Calculate the highest common factor of 52663220 and 100.
20
Calculate the greatest common divisor of 182 and 46926061.
91
What is the greatest common factor of 12679212 and 66612?
1092
Calculate the greatest common divisor of 1107 and 672543.
27
Calculate the highest common factor of 6646 and 832574327.
3323
What is the greatest common factor of 2907288 and 9156?
12
Calculate the highest common factor of 22 and 1078004.
2
What is the highest common divisor of 1925 and 37235?
55
What is the highest common divisor of 310 and 389330?
10
What is the highest common factor of 1000 and 695914750?
250
What is the greatest common divisor of 21360 and 3405?
15
Calculate the highest common divisor of 178822820 and 10270.
790
Calculate the greatest common factor of 140862 and 4828.
34
What is the greatest common divisor of 19 and 100578?
1
What is the greatest common divisor of 8476 and 120374196?
652
Calculate the highest common factor of 23972550 and 3213.
357
Calculate the greatest common divisor of 234703532 and 3724.
196
Calculate the highest common factor of 93562 and 3158722.
574
Calculate the greatest common divisor of 34258508 and 316.
316
What is the greatest common divisor of 35344 and 128?
16
What is the greatest common divisor of 91767416 and 5928?
1976
What is the highest common divisor of 22 and 265765742?
22
What is the greatest common factor of 181335649 and 3223?
3223
What is the greatest common factor of 6020 and 2432381?
301
What is the highest common divisor of 10 and 333965150?
10
What is the highest common factor of 18918002 and 6?
2
What is the highest common divisor of 6356 and 67236492?
908
Calculate the greatest common divisor of 1945884 and 10020.
2004
Calculate the greatest common factor of 4131 and 216936711.
1377
Calculate the highest common factor of 69099424 and 4352.
544
What is the highest common divisor of 311258 and 8189?
19
Calculate the highest common divisor of 3591545 and 20405.
265
What is the highest common divisor of 1884 and 7632084?
1884
What is the greatest common divisor of 16577 and 3868733?
121
Calculate the highest common divisor of 579655582 and 242.
242
What is the highest common divisor of 220 and 69285180?
20
Calculate the greatest common divisor of 35564330 and 40.
10
What is the highest common divisor of 512 and 27397696?
64
Calculate the greatest common factor of 2233936705 and 455.
455
What is the greatest common divisor of 1798880 and 6240?
160
What is the greatest common factor of 168 and 11157846?
42
Calculate the highest common divisor of 23034 and 188562.
66
Calculate the highest common factor of 4881249 and 459.
27
Calculate the highest common divisor of 6884767 and 3805.
761
Calculate the greatest common divisor of 221084 and 503257.
2909
Calculate the greatest common divisor of 1368688 and 417104.
2096
What is the highest common divisor of 7139014 and 544?
34
What is the highest common divisor of 863400 and 9400?
200
What is the highest common divisor of 26335061 and 131?
131
Calculate the highest common factor of 3117 and 222893553.
3117
What is the greatest common factor of 65096336 and 12712?
1816
Calculate the greatest common factor of 4828 and 189641.
71
Calculate the greatest common factor of 17583313 and 12883.
991
What is the greatest common divisor of 360 and 16337910?
30
Calculate the highest common factor of 33291 and 3559397.
137
Calculate the highest common divisor of 13216 and 40212512.
1888
Calculate the greatest common divisor of 98102326 and 70.
14
What is the highest common factor of 3839 and 1930475701?
3839
Calculate the highest common factor of 2410411 and 47719.
401
Calculate the highest common divisor of 574515 and 29070.
765
What is the highest common divisor of 123192483 and 1707?
1707
Calculate the highest common divisor of 4530 and 266160.
30
Calculate the greatest common factor of 317791022 and 2986.
2986
Calculate the highest common factor of 27761468 and 160631.
5539
Calculate the greatest common factor of 3227 and 863325764.
3227
What is the greatest common divisor of 1224 and 327777?
51
What is the highest common factor of 26573050 and 194810?
1610
Calculate the highest common factor of 36860540 and 20.
20
What is the greatest common divisor of 2975 and 6008905?
595
What is the highest common factor of 16728226 and 505?
101
Calculate the greatest common divisor of 67424 and 2938432.
1568
Calculate the highest common factor of 129922 and 310232.
494
What is the greatest common divisor of 423 and 33075333?
9
What is the highest common factor of 229 and 1596907913?
229
What is the greatest common divisor of 128520 and 3945690?
630
Calculate the highest common factor of 64 and 53152672.
32
Calculate the highest common divisor of 1463460 and 750.
30
Calculate the greatest common divisor of 106482759 and 183.
183
Calculate the highest common factor of 2886134 and 2.
2
Calculate the highest common factor of 76956 and 1202676.
636
What is the greatest common divisor of 589 and 9838067?
589
Calculate the highest common divisor of 94119750 and 7965.
2655
What is the greatest common factor of 1157 and 4015769?
89
Calculate the highest common divisor of 448931 and 154049.
413
Calculate the greatest common divisor of 44694 and 24228.
18
Calculate the highest common factor of 2108 and 143452004.
124
Calculate the greatest common factor of 49438830 and 365190.
9870
What is the greatest common divisor of 147959 and 218670536?
6433
Calculate the highest common divisor of 292 and 10577189.
73
Calculate the greatest common factor o